2)) - (53 - 70).
17
What is (96 - 92 - (0 - -5)) + 3 + -6?
-4
What is 13 + (11 - 18) + 4?
10
Calculate (307 - 295) + (0 - -7) + -1 + 1.
19
19 + 12 + 3 + -3 + -19
12
What is 15 - ((31 - 41) + 18)?
7
What is the value of 18 - 0 - (-114 - -124)?
8
What is (-2 - -9) + (8 - 30) + 6?
-9
What is -24 - (6 - 13) - -17?
0
17 + (-4 - 13) + 0 + -10
-10
What is (125 - 114) + (-3 + -11 - -4)?
1
What is 10 + (-35 + -11 - -17)?
-19
Evaluate 6 - (31 - 22) - -15.
12
What is -3 - (14 - (22 + -5))?
0
Calculate 12 + (-3 - 2) + 13 + -27.
-7
What is the value of 111 + -118 + (9 - -1)?
3
What is -5 - -4 - (-102 + 82)?
19
What is (9 - (5 - -11) - 0) + 7?
0
-27 + -6 - (-24 + -24 + 42)
-27
Evaluate ((-26 - -2) + 3 + 2 - 4) + 5.
-18
What is the value of 10 + 8 + -29 + 9?
-2
What is 2 + 1 + -4 + 6 + (44 - 37)?
12
-10 + -1 + -22 + 16 - -13
-4
Calculate (-1 - -6) + 4 + -21 - (-6 - -10).
-16
Evaluate 0 - (1 + (5 - (-4 - -3))) - 6.
-13
What is the value of 1 + 0 + (24 - 30) - -5?
0
What is the value of (-2 - (5 + -10)) + 7?
10
-38 + (-8 + 28 - -24)
6
Calculate 15 + -30 + 35 + -37.
-17
What is the value of -9 + (-1 - -7 - -1) + -2?
-4
Evaluate 5 + (38 - (8 + 16 + -11)).
30
What is the value of 9 + 2 - ((-1 + 9 - -10) + -10)?
3
Calculate -6 + 1 - ((-1 - 9) + (-3 - 11)).
19
Calculate -323 + 350 + (2 - 1) + (-4 - -3).
27
(-21 + 11 - -24) + -7 + 3 + 12
22
What is -2 + 1 + (-1 - (-3 - 7))?
8
What is the value of -11 + -32 + 25 + (0 + -2 - -3)?
-17
What is -10 + -7 + 1 + 9 + -3?
-10
-8 + (8 - (-1 + 11 - 0))
-10
Evaluate (90 - 110 - (-13 + -1)) + 5.
-1
-8 + (-9 - 13) - -15
-15
What is -9 - (-3 + 1 + 3 - 15)?
5
Evaluate (-1 - -18) + 0 + -1 + 4.
20
Evaluate (-5 - 0) + (-9 - -27 - 19).
-6
Evaluate 5 + -41 + 47 + -7 + -1 - 9.
-6
What is the value of (-1 - 8) + -81 + 72?
-18
What is the value of -18 - (-6 - ((11 - 23) + 10))?
-14
What is -438 - -453 - (16 + 1)?
-2
Calculate -7 + 7 + 1 - 5 - (-1 - 27).
24
Evaluate 22 + 15 + (-84 - -38).
-9
(4 - 18) + (-33 - -33)
-14
Evaluate (20 + -4 - (4 - -7)) + -23.
-18
What is the value of 8 - (27 - (-9 - -19))?
-9
Evaluate 3 + (18 + 3 - 18).
6
Calculate 758 + -765 - (-1 + -8).
2
-2 - (8 - (5 - (-10 - -6))) - -26
25
Calculate (-14 - -29) + -12 + -9.
-6
(-1 + 10 - (-3 + 2)) + -117 + 123
16
Evaluate (-17 - (-4 - 0)) + -6 + (-1 - -3).
-17
(-37 - -24) + (41 - (2 - 2))
28
Calculate -2 - (4 + 3 + 8 + -2 + -7).
-8
Evaluate -5 - (9 - (-3 + 13)).
-4
Calculate -13 + 1 - (0 - 5) - -4.
-3
3 + 7 + 0 - 11
-1
What is the value of -21 - -42 - 1 - 15?
5
What is the value of 19 - (-1 + 2 + -1 - (-381 + 380))?
18
(-19 - (9 - 58)) + -16
14
What is the value of 4 - (-3 - -9) - (54 - 44)?
-12
What is the value of -8 + (-1 - 0) + (-268 - -300)?
23
What is the value of 21 + (4 - 31) + 6 + (2 - 2)?
0
-15 - (4 - 52 - (-4 - -1))
30
(0 - 6) + -24 + 36 + -17
-11
What is the value of 6 + 6 + -9 + 1 + (-3 - 8)?
-7
Calculate -19 + 25 - (3 - 1).
4
Calculate 18 + 9 + -3 + -28.
-4
Calculate (20 - (0 + 1)) + -75 + 41.
-15
-22 + 3 + 15 - -7 - -11
14
Evaluate (14 + -5 - 6 - (4 + 1)) + 10.
8
1 + -10 + (15 - -13 - 10)
9
Evaluate ((1 + 8 - -17) + -2 - -2) + 6.
32
Evaluate 5 - ((9 - (-8 - (-2 - 4))) + 5).
-11
Evaluate 1 + -28 + (-2 - -4 - -3) - 3.
-25
Calculate (5 + 0 - (17 - 21)) + 0 + -6.
3
Calculate (-1 - 1) + -10 + 2 + -2.
-12
-1 - (-2 + (0 - (2 + 3)) - -1)
5
-15 + -7 - -11 - (6 + -2)
-15
(-9 - 3) + (-151 - -147 - (-1 + 3))
-18
What is (-15 - -8) + 10 + (12 - (-3 - -3))?
15
Calculate (2 - -1) + -35 + 2.
-30
What is the value of 2 + -11 + 25 + -8 - -19?
27
What is 2 + 9 - (4 - 10 - -8)?
9
What is the value of 6 + 12 + 57 + -45?
30
(1 - (4 - 2) - 1) + (-39 - -28)
-13
Evaluate 11 - ((-2 - 10) + 26 + -2).
-1
Evaluate -5 + (-3 + 2 - 9 - 2).
-17
-1 - (3 + 5 + 0 - 17)
8
What is 0 + 4 + -2 - 2 - (-10 - 5)?
15
What is the value of -6 + 15 - (-6 - -20)?
-5
What is the value of (2 - 4) + 15 - 22?
-9
Calculate -9 + -19 + 11 + -6 + 5 + 4.
-14
Evaluate 0 - 0 - (27 + 2 + -22).
-7
Calculate 6 - ((1 - -1) + 0) - (69 + -44).
-21
(-5 - (-1 + -27)) + -5 + 0 + 0
18
Evaluate -9 + -3 - 2 - (13 + -23).
-4
Calculate -1 - -32 - (1342 - 1285).
-26
Calculate -23 + -2 + 16 + -18.
-27
What is the value of 6 + (0 - -3) + (-6 - (0 + 4))?
-1
What is 0 - -8 - (-1029 - -1022)?
15
Evaluate 4 + -4 - (17 - 6).
-11
What is -7 + (-5 + -2 - (1 - 6))?
-9
What is -19 - (12 + -14) - -1?
-16
-22 + -7 + 50 + 10
31
Calculate -8 - -1 - (-92 + 86) - (1 - -2).
-4
What is the value of 27 - (53 + -28) - (1 - (-1 - 8))?
-8
Calculate -139 - -158 - (2 - -2 - (1 - 0)).
16
Calculate 19 - -1 - (1583 + -1556).
-7
Evaluate 0 + (-1 - (1 + -5 + 7 + -6)).
2
What is the value of (105 - 126) + 1 + 9?
-11
-7 - (-18 + 25 - 23)
9
What is (-5 - -1) + (-46 - -16 - -15)?
-19
What is -34 - (19 - 49) - (0 - (7 - -2))?
5
What is the value of -28 + 13 + 11 + 0 + 14?
10
Calculate 17 - -29 - (-59 + 75).
30
Evaluate -7 - (26 + -10) - -11.
-12
(4 - (-20 + -6)) + 42 + -32
40
Calculate -18 - -21 - (-3 - -8) - -4.
2
What is the value of -22 + (10 - -20) + 0?
8
What is the value of -38 - (-100 + 26) - 44?
-8
What is the value of 133 + -124 - (2 + 1 + -2)?
8
Calculate 0 + 1 + -1 + (-314 - -306).
-8
Evaluate -20 + (-14 + 27 - -31).
24
2 + -7 + -30 + 20 + 32
17
What is the value of 4 - 9 - (8 + (-14 - -7))?
-6
-4 + -11 - -5 - -5
-5
3 - (15 - (12 - -3))
3
What is -39 - (-27 - (13 + 22))?
23
Calculate -27 + 27 - (-3 - 1) - 6.
-2
What is the value of 1 + 6 + -2 + -3 + (0 - 16)?
-14
-18 + 20 + -13 + -2
-13
-10 + 16 + -12 + -7 + 0
-13
Calculate -17 + (31 - (4 + 2)).
8
What is (12 - -1 - (21 + (-4 - 9))) + 12?
17
Evaluate -3 + 0 - (7 + (-6 - 0)) - 6.
-10
-4 + 18 + (21 - 35) - (-31 + -1)
32
What is the value of (401 - 408) + (32 - 0)?
25
What is the value of -13 - ((5 - 2) + (65 - 53))?
-28
What is the value of 26 - 18 - 15 - -22?
15
Evaluate -1 - ((9 - 12 - 9) + 14).
-3
What is (-9 - 4) + 22 - 38?
-29
Evaluate -38 + 2 + 13 + (-29 - -23).
-29
Calculate 18 + -33 + -12 + 17.
-10
What is the value of 0 + 3 - (-5 - 16)?
24
Evaluate (-16 - -21) + -6 + -23 + 6 + 5.
-13
What is the value of (0 - 0) + 4 + (100 - 89)?
15
11 - (6 - (-1 - -1 - (6 - 7)))
6
Evaluate -20 - -25 - (-5 + 1) - 6.
3
Calculate (18 + -3 - 3) + (-2 - 40).
-30
Calculate 8 - -2 - ((0 - -8) + -10).
12
What is 3 + (-9 - -6) + 3 + -9 - -15?
9
Evaluate -2 - (-7 - (1 - -2) - -31).
-23
What is the value of ((7 - (-6 + 6)) + -20 - -1) + -30?
-42
15 - (10 + (-1 - 3)) - -5
14
Evaluate 732 + -699 + -25 + 1.
9
Calculate -13 - (-47 + -2 + 17 + -4).
23
What is the value of (-695 - -701) + 1 + -22 + 1?
-14
Evaluate -41 + 22 + 18 + 0 + 1.
0
(-8 - 30) + 23 - (-1 + -1)
-13
-5 + (8 - -3) + 2
8
Calculate -13 + 18 - (3 + 2 - 5).
5
Calculate -23 + -9 + 2 + -176 + 174.
-32
What is the value of (2 - 21 - (8 - 36)) + 11?
20
What is (-19 - -34) + (-8 - 16)?
-9
Calculate (-3 - 0) + (27 + (2 - 4) - -4).
26
Evaluate -4 + (-6 - (-6 + (-4 - -3) + 5)).
-8
What is the value of -11 + (6 + 1 - 5) + -5?
-14
Calculate 1 - (6 - (6 + (-10 - -5)) - 1).
-3
What is the value of (10 - (-14 + 26)) + 7?
5
What is the value of -15 + 34 + -5 + 2?
16
Calculate -24 + (-25 - -14) + 30.
-5
Calculate (0 - 1) + 9 + (-63 - (-69 - -2)).
12
Calculate 4 + 18 + -29 - 6.
-13
What is (-11 - -2) + (2 - (-8 - -15) - -40)?
26
Evaluate (-11 - (-8 + 18)) + 2.
-19
12 - (-47 + 52 - (1 + 4))
12
4 + (-2 - 8) + (17 - 8)
3
Calculate 127 + -151 - (1 + -12).
-13
What is the value of 4 - 6 - (-19 + (-10 - -27))?
0
What is -10 - (-10 - (2 - 5)) - -9?
6
(-14 - -7) + 2 + 6 - (-8 + 0)
9
8 - (-12 + 14 - (9 - (0 - -4)))
11
Evaluate 2 + (-1 - 5) - (-12 + 42 + -52).
18
Calculate (-10 - (-9 - (-7 + 0))) + 1 - -2.
-5
-13 + -6 + 3 - (16 + -19)
-13
What is 19 + -1 + -2 + (-7 - (7 + -10))?
12
What is the value of 15 + -15 + 0 - 2?
-2
Evaluate (-10 - (30 - 23)) + 0 + -2.
-19
What is -4 + 10 + -3 + 2 + -12?
-7
Calculate 10 - 9 - (-19 - (4 + -2 - 6)).
16
Calculate (31 - 17 - 9) + -26.
-21
What is (0 - (-3 - -1) - -8) + -12?
-2
What is 2 + 12 + 1 + 7 + (4 - 10)?
16
-36 + (-13 - -32) + (1 - -1 - -2)
-13
-34 - -34 - (-1 + -10)
11
8 - (-6 + 56) - -17
-25
(12 - (-8 - (-2 + 3))) + (-3 - -10)
28
What is (10 - 26 - (-2 + 0)) + 9 + -4?
-9
-42 + 37 + (0 - -3) - (-5 + 0)
3
What is the value of 7 + ((5 - 12) + 4 - 16)?
-12
(-5 - -6) + -3 - (11 - (11 - 12))
-14
-12 - (14 - (27 - 3))
-2
Evaluate 38 + (28 - 60) + 20.
